{"id":879,"date":"2025-06-02T12:26:32","date_gmt":"2025-06-02T12:26:32","guid":{"rendered":"https:\/\/villavuosseli.fi\/?page_id=879"},"modified":"2026-01-06T20:38:28","modified_gmt":"2026-01-06T20:38:28","slug":"huoneisto-a2","status":"publish","type":"page","link":"https:\/\/villavuosseli.fi\/?page_id=879","title":{"rendered":"HUONEISTO A2"},"content":{"rendered":"\n<div id=\"wp-block-themeisle-blocks-advanced-columns-893d6faf\" class=\"wp-block-themeisle-blocks-advanced-columns has-1-columns has-desktop-equal-layout has-tablet-equal-layout has-mobile-equal-layout has-vertical-unset\"><div class=\"wp-block-themeisle-blocks-advanced-columns-overlay\"><\/div><div class=\"innerblocks-wrap\">\n<div id=\"wp-block-themeisle-blocks-advanced-column-f079e6f7\" class=\"wp-block-themeisle-blocks-advanced-column\">\n<p><strong>Hyv\u00e4 villavuosseli.fi sivun vierailija.<\/strong><\/p>\n\n\n\n<p>Osaketta vuokrataan ainoastaan Sein\u00e4joen elintarvikety\u00f6l\u00e4iset ry:n j\u00e4senille.<\/p>\n\n\n\n<p>Yhteydenotot: <strong>matti.toivola@atria.com p. 040 531 8852<\/strong><\/p>\n<\/div>\n<\/div><\/div>\n\n\n\n<p><\/p>\n","protected":false},"excerpt":{"rendered":"","protected":false},"author":1,"featured_media":0,"parent":0,"menu_order":0,"comment_status":"closed","ping_status":"closed","template":"","meta":{"neve_meta_sidebar":"","neve_meta_container":"","neve_meta_enable_content_width":"","neve_meta_content_width":0,"neve_meta_title_alignment":"","neve_meta_author_avatar":"","neve_post_elements_order":"","neve_meta_disable_header":"","neve_meta_disable_footer":"","neve_meta_disable_title":"","_themeisle_gutenberg_block_has_review":false,"footnotes":""},"class_list":["post-879","page","type-page","status-publish","hentry"],"_links":{"self":[{"href":"https:\/\/villavuosseli.fi\/index.php?rest_route=\/wp\/v2\/pages\/879","targetHints":{"allow":["GET"]}}],"collection":[{"href":"https:\/\/villavuosseli.fi\/index.php?rest_route=\/wp\/v2\/pages"}],"about":[{"href":"https:\/\/villavuosseli.fi\/index.php?rest_route=\/wp\/v2\/types\/page"}],"author":[{"embeddable":true,"href":"https:\/\/villavuosseli.fi\/index.php?rest_route=\/wp\/v2\/users\/1"}],"replies":[{"embeddable":true,"href":"https:\/\/villavuosseli.fi\/index.php?rest_route=%2Fwp%2Fv2%2Fcomments&post=879"}],"version-history":[{"count":2,"href":"https:\/\/villavuosseli.fi\/index.php?rest_route=\/wp\/v2\/pages\/879\/revisions"}],"predecessor-version":[{"id":981,"href":"https:\/\/villavuosseli.fi\/index.php?rest_route=\/wp\/v2\/pages\/879\/revisions\/981"}],"wp:attachment":[{"href":"https:\/\/villavuosseli.fi\/index.php?rest_route=%2Fwp%2Fv2%2Fmedia&parent=879"}],"curies":[{"name":"wp","href":"https:\/\/api.w.org\/{rel}","templated":true}]}}